-8 - -19. Suppose 18*a = b*a + 994. What is the hundreds digit of a?
1
Let g(z) = 18*z + 13. Suppose 0 - 13 = -a. What is the units digit of g(a)?
7
Let g(a) = 90*a + 67. What is the hundreds digit of g(20)?
8
Suppose 5*h + 690 = -195. Let w = 12 - h. What is the units digit of w?
9
What is the hundreds digit of (-128)/576 + 13054/18?
7
Let k(f) = -f**3 - 10*f**2 + 29 - 30 + f**2 - 6*f. What is the tens digit of k(-9)?
5
Suppose 0 = -2*x + 2*n + 10, 4*x - 15 = -n - 0*n. Suppose -11 = -3*l + x*s, -5*s = -5*l - 4 + 24. What is the units digit of l?
5
Let a(u) = u**3 + 10*u**2 - 10*u + 5. Let w be a(-11). Let o = -24 - w. Let y = o + 51. What is the units digit of y?
3
Let s(h) = 4*h**2 - 33*h + 39. What is the tens digit of s(14)?
6
Let k(w) be the third derivative of -w**4/3 + 2*w**3 - 7*w**2. Let g be k(-6). What is the tens digit of (-40)/g + 173/3?
5
Let a(b) = b**2 - 2*b - 10. What is the hundreds digit of a(-15)?
2
Let a(f) = -14*f**2 - 1. Let d be a(-1). Suppose 0 = 5*c + 16 - 1. What is the tens digit of (18/5)/(c/d)?
1
Let n be (11/5 + -1)*(-370)/(-111). Suppose 3*q - 20 = -n*m + 23, 4 = 4*m. What is the units digit of q?
3
Suppose 10*h = 83*h - 295358. What is the tens digit of h?
4
Suppose -7 + 102 = -5*t. What is the tens digit of ((-19)/(-3))/(t/(-171))?
5
Let x(w) = 19*w + 15. What is the units digit of x(1)?
4
What is the units digit of 1/((-107600)/9782 - -11)?
1
Let p(t) = 6*t**3 - t - 1. Let g be p(2). Suppose -5*u = -4*h - 4 - 103, 0 = 5*h - 2*u + 138. Let o = h + g. What is the units digit of o?
7
Suppose 4*v - 20 = -0*v. Let q be (-10)/25 + 456/15. Suppose 0*k + v*k - q = 0. What is the units digit of k?
6
Suppose -3*p = 2*p - 265. Suppose 4*v - 131 = 3*d, 0*d - 2*d = -v + 34. Let x = p - v. What is the tens digit of x?
2
Let n = 2 - -155. What is the tens digit of n?
5
Let o be (-177)/(-15) + 1/5. Suppose 4*k - 345 = 5*f, -3*k + 3*f = -249 - o. What is the tens digit of ((-2)/1)/((-12)/k)?
1
What is the hundreds digit of 1 + -6 + 0 + 347?
3
Let w be 3 + -2 + 2 + 3. Let r be w/(-21) - 111/(-21). Suppose -r*k = l - 109, -4 + 23 = k + 3*l. What is the tens digit of k?
2
Suppose -7*w + 2 = -12. Suppose -w*x + 29 - 191 = -4*g, -120 = -3*g + 3*x. What is the tens digit of g?
4
Let w(l) be the first derivative of l**4/4 + 3*l**3 - 3*l**2 + 22*l + 8. What is the units digit of w(-8)?
4
Suppose 42*w = 39*w + 2*n + 11995, -4*n + 4003 = w. What is the hundreds digit of w?
9
Suppose 0 = 5*x - u + 34, -4*x + 2*u = 4*u + 16. What is the hundreds digit of 2 + (-1168)/x + (-22)/33?
1
Suppose 0*z = -12*z + 7500. What is the hundreds digit of z?
6
Let y(h) = 3*h**2 - 4*h - 7. Suppose -2*o - 12 = 4. What is the units digit of y(o)?
7
Suppose -j + 2 = a - 1, -5*a + 12 = 4*j. Suppose 0 = j*p - 28 - 2. Let o = 33 - p. What is the units digit of o?
3
Let w(l) = l**3 + l**2 + 1228. What is the units digit of w(0)?
8
Let v(f) = 4*f**2 + 26*f + 185. What is the hundreds digit of v(-25)?
0
What is the hundreds digit of (7/7)/((6/(-447))/(-2))?
1
Let k be 17 - 1 - (-2 + 3). Let y be ((-2)/5)/((-3)/k). Suppose -131 + 21 = -y*a. What is the units digit of a?
5
Let b = -31 - -35. Suppose 4*u + 2*y = b + 452, -345 = -3*u - 3*y. What is the units digit of u?
3
Let m(q) = -q**3 - 12*q**2 + q + 16. Let r be m(-12). Suppose -r*x + 2*x - 6 = 0. What is the tens digit of 1*(21 + (-12)/x)?
2
Let j(i) be the second derivative of 3*i**5/20 - i**4/4 - 5*i**3/3 + 5*i**2/2 + 43*i. What is the units digit of j(4)?
9
What is the thousands digit of (112770/15)/((-9)/(-6))?
5
Suppose -12 = 2*l - 52. Suppose 0 = -0*c + 3*c. Suppose 2*r - 4 - l = c. What is the tens digit of r?
1
Let l = -247 + 1401. What is the units digit of l?
4
Let z(a) = 8*a**2 + 17*a + 11. What is the tens digit of z(8)?
5
Suppose 8*p + 50 = 10. What is the units digit of -6*6/(-90) - 113/p?
3
Suppose -304 = -4*p + 324. What is the tens digit of p?
5
Suppose 0 = 10362*x - 10361*x - 5665. What is the tens digit of x?
6
Let i(n) = -n**3 - 3*n**2 + 6*n. Let x be i(-5). Let u be 18/8 - 5/x. Suppose 5*w = 5*l + 25, -3*w - 2*l = u*l + 6. What is the units digit of w?
2
Let i(o) = o**3 + 3*o**2 - 3*o. Let b be i(-4). Let q(y) = 835*y**2 - 1672*y**2 + 838*y**2 + 2 + y. What is the tens digit of q(b)?
1
Let c(r) = -8*r**2 + 27*r + 21. Let a(h) = 3*h**2 - 9*h - 7. Let k(w) = 11*a(w) + 4*c(w). What is the units digit of k(-13)?
9
Let i = 31 + 3. Let h = 155 - i. Suppose 2*b - 2*x = -0*x + 50, -h = -4*b - 3*x. What is the tens digit of b?
2
Let t = 473 + 1135. What is the hundreds digit of t?
6
Let p be ((-22)/11)/(1/(-2)). Let k be (-2 - 1) + 4 + p. Suppose 0 = -10*w + k*w + 50. What is the tens digit of w?
1
Let y = -50 - -53. Suppose 3*v + y = 0, 2*t + 3*v = -0*v - 1. What is the units digit of t?
1
Let c be -2 - 2/(4/(-4)). Suppose c = -5*r - 31 - 4. What is the units digit of (7/2)/r*-6?
3
Let r = 36 + -33. Suppose -r*c + 126 = -0*c. What is the tens digit of c?
4
Let d(o) = 13*o**2 - 2*o. Let v be d(-2). Let s = v - -38. Suppose 0 = -3*c + i + 74, -4*c - 4*i + s = -3*i. What is the tens digit of c?
2
Let x(t) = t - 5. Suppose -5*a + 3 = -4*b, 0 = b + 1 - 4. Let h be x(a). What is the units digit of (h + 4)*(-6)/(-4)?
3
Suppose -5*z + 3*m + 11 = 0, 4*z + m = 6*m + 1. Suppose -2*u + z = -4*i, -2*i = 5*u - 0*i - 22. Suppose -u*d = -17 - 107. What is the tens digit of d?
3
Let s be (-6)/(-4)*48/(-18). What is the tens digit of 70/s*(-12)/6?
3
Suppose -3*r - 148 - 486 = -5*m, 640 = 5*m - 5*r. Let f be (18/(-15))/((-5)/m). What is the units digit of f/(-25)*(-130)/3?
2
Suppose 0 = -3*a - 2*g - 2, 0*g + 1 = -2*a - g. Suppose a*w - 172 = -2*p + 4*w, -p = -3*w - 82. What is the units digit of p?
4
Let u be (18/(-15))/((-8)/20). Suppose -4*t + 4 = -u*t. Suppose 2*s = t + 48. What is the units digit of s?
6
Suppose 35 + 325 = 5*y. Let c be (-3)/2 - (8019/(-18))/9. Let s = y - c. What is the tens digit of s?
2
Let a be -1 - (0 - 0 - 1). Suppose -5*b + 128 - 38 = a. What is the units digit of b?
8
Let a(o) = -1 + o - 2*o**2 + 5 + o**2 + 2*o**2. What is the units digit of a(-5)?
4
Let d(a) = 5*a + 4. Let m = -40 + 55. What is the tens digit of d(m)?
7
Suppose 0 = -i - 2. Let z be 6 + 19 - (i - -3). Suppose -2*x + 61 - 10 = 3*r, -3*r = x - z. What is the tens digit of x?
2
Suppose -16*v + 9 = -13*v. Suppose -3*q = -2*i + 148, -7*i + 4*q = -v*i - 288. What is the units digit of i?
8
Suppose 0 = -2*b - 2*k + 129 + 7933, 0 = 3*b + 4*k - 12095. What is the hundreds digit of b?
0
Suppose 0*g + 240 = 5*g. Let k = -7 + g. What is the tens digit of k?
4
Let w(t) = 57*t**2 + 78*t + 6. What is the tens digit of w(-4)?
0
Suppose 623*s - 31707 = 610*s. What is the units digit of s?
9
Let x(k) = k**3 - 13*k**2 + 3*k + 19. Let u be x(13). Let h = u + 16. What is the units digit of h?
4
Let a be (-34)/(-12) - (-10)/60. Suppose 2*g + 4 = 2*i, -a*i + 4*g + 10 = 2. What is the tens digit of (-2)/(i + -1)*10?
2
Let a = 18 - 16. Suppose a*q = -2*m - 0*q + 90, 127 = 3*m - 5*q. What is the units digit of m?
4
Let t = -20 - -31. Suppose 0 = -q + 6*m - 7*m + 136, -m = 4*q - 541. Suppose t = -4*y + q. What is the tens digit of y?
3
Let o(h) = -91*h + 5. Let v(t) = 92*t - 4. Let c(d) = -2*o(d) - 3*v(d). Let k be c(-1). Suppose k = 2*r + 38. What is the tens digit of r?
2
Let i(c) = -22*c - 8. Let n be i(4). What is the units digit of (-24)/n - (-182)/8?
3
Suppose -c + 14 = 3*o + 1, -14 = -2*o - 2*c. Suppose o + 2 = 5*r. What is the tens digit of r*19 + -5 + 7?
2
Let l be (0 - 4) + 3 - -2. Let y(h) = 13*h**3 + h. What is the tens digit of y(l)?
1
Let y(h) = h**2 - 7*h + 8. Let a be y(6). Suppose 4 = 3*w - a. What is the units digit of (2 + -8)/(w/(-3))?
9
Let f(u) be the third derivative of -13/24*u**4 - 1/60*u**5 + 7*u**2 + 0 + 0*u + 3/2*u**3. What is the units digit of f(-12)?
1
Let y(c) = 26*c**2 + 2*c + 45. What is the units digit of y(-6)?
9
Let f be 1/1*5/(-1). Let c(u) = 1 + 22*u**2 - 18*u**2 + 0 + 3*u**3 - 5*u - 2*u**3. What is the units digit of c(f)?
1
Let i be ((-1365)/45)/(2/(-6)). Suppose -2*r = 4*c + 2*r - 332, 0 = c + 3*r - i. What is the tens digit of c?
7
What is the units digit of ((-4623)/92)/(50/(-24) - -2)?
3
Let l = 655 + -652. Let x = 1 + 8. Suppose -h - 3*k = -x, 5*h - 25 = -l*k - 2*k. What is the units digit of h?
3
L